s u(-3)?
1
Let q(a) = -a**2 + 80*a - 1346. What is q(24)?
-2
Let u(d) = -d**3 + 6*d**2 + 3*d + 6. Calculate u(7).
-22
Let v(r) = -r - 2. Give v(-1).
-1
Let x(a) = -15*a - 68. Calculate x(-11).
97
Let l(u) = u**2 + 20*u + 99. Give l(-12).
3
Let n(s) = 5*s**2 - 17*s + 5. Give n(4).
17
Let k(n) = n**2 + 3*n + 55. Give k(0).
55
Let i(t) = -t**2 - 21*t + 56. What is i(-23)?
10
Let j(c) = -22*c**3 - c**2 + 3*c + 3. Determine j(-1).
21
Let s(v) = v**3 - 4*v**2 + 4*v. Give s(2).
0
Let b(c) = 2*c + 3. Give b(6).
15
Let l(s) = -3*s - 3. Calculate l(4).
-15
Let a(f) = 6*f**2 - 22*f - 22. What is a(-1)?
6
Let x(v) = 2*v**3 - 43*v**2 + 26*v - 94. Determine x(21).
11
Let b(n) = 3*n**2 - 2*n. Calculate b(-2).
16
Let b(d) = -2*d - 8. Calculate b(-5).
2
Let j(l) = -39*l**2 + 157*l + 3. Calculate j(4).
7
Let v(s) = -13*s + 42. Determine v(5).
-23
Let p(k) = k + 29. Determine p(-26).
3
Let g(s) = s**3 + 10*s**2 - s - 14. Calculate g(-10).
-4
Let j(o) = -11*o + 38. Calculate j(4).
-6
Let m(t) = 7*t + 4. Determine m(0).
4
Let r(a) = 2*a - 9. Give r(9).
9
Let g(j) = -11*j + 3. What is g(3)?
-30
Let k(c) = -c**3 + 8*c**2 + 5*c - 27. Calculate k(6).
75
Let d(x) = 2*x**2 + 4*x + 4. Give d(-2).
4
Let j(s) = -3*s - 25. What is j(9)?
-52
Let v(k) = -2*k**2 - 9*k + 6. Calculate v(-5).
1
Let y(b) = -b**2 + 4*b - 3. What is y(4)?
-3
Let x(p) = -p**2 - 8*p + 63. What is x(-11)?
30
Let g(a) = a**2 - 16*a + 21. Determine g(12).
-27
Let z(y) = 2*y**2 - 10*y - 5. What is z(6)?
7
Let h(j) = -j**3 - 14*j**2 - 12*j - 1. Determine h(-13).
-14
Let o(l) = l**2 + 4*l + 1. Determine o(-4).
1
Let i(r) = -r**2 + 15*r + 55. What is i(18)?
1
Let i(m) = -m**2 + 13*m + 4. Calculate i(13).
4
Let t(d) = -18*d - 93. Determine t(-5).
-3
Let d(u) = 8*u + 20. Determine d(-12).
-76
Let a(u) = u**3 + 7*u**2 - 14. Determine a(-7).
-14
Let f(s) = 6*s**2 + 2*s - 3. Calculate f(2).
25
Let j(k) = -k**2 + 12*k + 3. Calculate j(3).
30
Let k(x) = -2*x**3 + 11*x**2 + 5*x - 6. Give k(5).
44
Let s(c) = c**2 + 8*c + 12. What is s(-3)?
-3
Let q(b) = -24*b - 14. Calculate q(-7).
154
Let v(j) = -j**2 - 13*j - 14. Calculate v(-17).
-82
Let g(p) = 2*p**2 + p - 9. What is g(-3)?
6
Let g(d) = -2*d - 14. Determine g(-10).
6
Let p(f) = f**2 + 20*f + 13. Give p(-19).
-6
Let j(u) = -2*u**2 + 2*u + 87. Calculate j(-6).
3
Let j(x) = -2*x - 45. Determine j(-5).
-35
Let p(t) = t**3 - 6*t**2 + 5*t - 2. What is p(4)?
-14
Let t(p) = p + 7. Determine t(-4).
3
Let a(j) = -j**2 + 49. Calculate a(-7).
0
Let i(w) = w**2 + 14*w - 12. Determine i(-13).
-25
Let b(l) = -4*l - 11. Calculate b(-2).
-3
Let c(v) = v**3 - 6*v**2 + 8*v - 15. Calculate c(5).
0
Let d(l) = l**3 + 8*l**2 + 13*l + 4. Calculate d(-4).
16
Let v(z) = 2*z + 3. What is v(3)?
9
Let g(b) = 4*b - 4. Calculate g(5).
16
Let m(f) = -23*f + 1. Calculate m(1).
-22
Let g(y) = y**3 + 8*y**2 + 5*y + 15. Determine g(-8).
-25
Let b(h) = 9*h + 2. Determine b(4).
38
Let x(s) = -s**3 - 8*s**2 - 11*s + 1. What is x(-8)?
89
Let a(y) = -2*y**2 - 24*y - 6. Give a(-11).
16
Let h(k) = -22*k - 9. What is h(-5)?
101
Let u(d) = 4*d + 22. Give u(-6).
-2
Let s(p) = p**3 - 7*p**2 + 11*p - 1. Calculate s(3).
-4
Let m(z) = -z**2 + 14*z - 21. Give m(12).
3
Let z(m) = -3*m + 2. Give z(-12).
38
Let m(i) = -i**2 - 4*i - 1. Determine m(-6).
-13
Let v(m) = m**2 + 5*m - 14. Give v(-7).
0
Let h(i) = i - 23. What is h(23)?
0
Let b(z) = 7*z + 1. Calculate b(2).
15
Let r(n) = n**3 + 22*n**2 - 22*n + 29. Determine r(-23).
6
Let w(v) = v**3 - 6*v**2 + 4*v + 1. Give w(5).
-4
Let d(z) = -34*z - 17. Calculate d(3).
-119
Let n(l) = l**2 - 2*l - 5. Determine n(-5).
30
Let a(y) = y + 4. Give a(-5).
-1
Let b(v) = -v**2 - 2*v - 29. Give b(0).
-29
Let k(p) = p**3 - 4*p**2 - 3*p + 5. Calculate k(4).
-7
Let y(r) = -r**3 - 3*r**2 + 6*r - 6. Calculate y(-5).
14
Let i(h) = 2*h**2 + 19*h + 49. What is i(-4)?
5
Let s(q) = -q**2 + 7*q + 20. Calculate s(10).
-10
Let a(y) = -7*y. Give a(-1).
7
Let m(o) = -o**3 + 15*o**2 - 15*o + 8. Calculate m(14).
-6
Let a(d) = -8*d + 8. What is a(-6)?
56
Let n(l) = l**2 + 10*l - 4. Give n(-8).
-20
Let g(y) = -21*y + 254. Give g(13).
-19
Let r(q) = q**3 - 11*q**2 + 29*q + 3. What is r(5)?
-2
Let k(b) = b**2 + 26*b + 114. What is k(-6)?
-6
Let w(g) = -g + 15. What is w(-10)?
25
Let w(g) = g**2 + 27*g + 156. Determine w(-21).
30
Let k(d) = -5*d - 35. Determine k(-8).
5
Let w(v) = -v**3 - 21*v**2 + 45*v - 34. What is w(-23)?
-11
Let v(a) = 11*a + 34. What is v(-15)?
-131
Let s(b) = 10*b + 4. Calculate s(8).
84
Let k(x) = 2*x**2 - 7*x - 10. Determine k(6).
20
Let k(c) = -28*c**2 + 1. Give k(1).
-27
Let a(o) = -2*o**2 - 11*o - 2. Calculate a(-5).
3
Let v(k) = -2*k**2 - 8*k - 8. Calculate v(-2).
0
Let o(w) = -w**3 + 3*w - 4. Give o(-3).
14
Let n(q) = -q**3 - 10*q**2 - 9*q - 1. Give n(-7).
-85
Let p(l) = 4*l + 77. Determine p(-11).
33
Let r(p) = -p**3 + 7*p**2 - 4*p + 7. Calculate r(5).
37
Let k(g) = -3*g - 7. Give k(-8).
17
Let s(r) = 8*r + 8. What is s(-2)?
-8
Let x(k) = -k**3 - 13*k**2 + 13*k - 15. Calculate x(-14).
-1
Let p(l) = l**2 - 8*l + 5. Determine p(6).
-7
Let u(c) = -c**3 + 10*c**2 - 4*c - 14. Calculate u(6).
106
Let k(o) = 2*o + 43. Determine k(14).
71
Let s(l) = -l**3 - 14*l**2 + 6*l - 13. Calculate s(-15).
122
Let d(n) = -n**2 + 6*n + 3. Determine d(-5).
-52
Let a(p) = p - 6. Calculate a(9).
3
Let i(g) = 3*g - 27. Calculate i(8).
-3
Let z(h) = -4*h**2 + 45*h - 117. Calculate z(8).
-13
Let w(d) = -d**2 + 2*d - 7. Give w(8).
-55
Let d(l) = l**3 + 7*l**2 + 7*l - 6. Give d(-4).
14
Let f(u) = u**2 + 11*u - 23. Calculate f(-12).
-11
Let i(r) = -4*r + 132. What is i(26)?
28
Let k(d) = 4*d**2 - 32*d - 13. What is k(8)?
-13
Let c(o) = 21*o - 247. What is c(12)?
5
Let m(z) = -26*z + 149. Determine m(6).
-7
Let n(x) = -2*x**3 - 2*x**2 - 6*x - 2. Give n(-3).
52
Let j(z) = -z - 4. What is j(-1)?
-3
Let t(s) = 2*s + 9. Calculate t(-7).
-5
Let l(v) = -2*v**2 - 12*v - 1. Determine l(-6).
-1
Let l(u) = u**3 + 7*u**2 - 10*u + 1. Give l(-8).
17
Let u(a) = a**3 - 13*a**2 - 14*a - 8. Calculate u(14).
-8
Let v(y) = -9*y**2 + 4. Determine v(-3).
-77
Let x(l) = l**3 + 6*l**2 + 10*l + 15. What is x(-6)?
-45
Let l(a) = a**3 - a**2 - a + 1. Determine l(1).
0
Let b(w) = w**2 + 3*w - 177. Determine b(-15).
3
Let y(a) = -a + 7. Calculate y(-6).
13
Let v(o) = -o**3 - 15*o**2 + 17*o + 22. Determine v(-16).
6
Let x(c) = -c**3 - 3*c**2 - 4*c + 1. Give x(-3).
13
Let o(r) = 2*r - 15. Determine o(5).
-5
Let y(b) = 17*b - 5. Give y(-3).
-56
Let p(z) = -23*z - 93. Give p(-4).
-1
Let a(p) = -p**2 - 11*p - 26. What is a(-12)?
-38
Let m(v) = -3*v**2 + 9*v + 5. Determine m(3).
5
Let b(s) = -36*s - 115. Give b(-3).
-7
Let a(p) = 11*p**3 + p**2 - 2*p + 2. Give a(1).
12
Let o(w) = 10*w - 12. Calculate o(-4).
-52
Let o(t) = -14*t - 17. Determine o(-2).
11
Let j(b) = 106*b - 639. Give j(6).
-3
Let y(d) = -21*d**2 - 2*d + 6. Give y(2).
-82
Let t(l) = -l**3 - 71*l**2 - 204*l + 6. Give t(-68).
6
Let c(a) = a + 3. Calculate c(4).
7
Let f(w) = -w**3 + 7*w**2 + 9*w + 4. Determine f(8).
12
Let l(i) = i**3 - 15*i**2 - 7*i + 99. Calculate l(15).
-6
Let b(w) = w**3 - w**2 - 7*w - 7. Calculate b(6).
131
Let u(f) = -f**2 + 25*f - 68. Calculate u(21).
16
Let i(q) = -6*q - 50. Calculate i(14).
-134
Let b(i) = 2*i + 3. Calculate b(3).
9
Let b(h) = h**2 + 2*h + 2. Give b(-5).
17
Let d(w) = 61*w - 489. Determine d(8).
-1
Let r(i) = i**2 + 15*i - 194. Give r(-23).
-10
Let u(c) = -c + 1. Calculate u(0).
1
Let v(b) = -b**3 + 5*b**2 + 7*b - 9. Calculate v(6).
-3
Let b(y) = 4*y**2 - 5*y + 2. Calculate b(5).
77
Let t(i) = 4*i + 33. Calculate t(-15).
-27
Let a(k) = -2*k**2 + 10*k - 5. Give a(7).
-33
Let n(j) = -j**2 - 4*j + 3. What is n(-2)?
7
Let n(f) = f**3 - 9*f**2 - 14*f + 15. Calculate n(10).
-25
Let j(m) = -51*m**3 - m**2. Determine j(-1).
50
Let v(j) = j**2 + 5*j + 3. Give v(-4).
-1
Let j(v) = v**3 + v**2 - 25. Determine j(0).
-25
Let n(x) = -17*x**2 + 3*x - 4. Give n(2).
-66
Let j(r) = r**2 + 3*r - 27. What is j(-4)?
-23
Let f(o) = -o**3 - o**2 + 4*o - 10. Determine f(0).
-10
Let o(q) = q**3 + 14*q**2 - 16*q - 24. Determine o(-15).
-9
Let j(u) = 3*u**2 - 6*u - 2. What is j(3)?
7
Let u(g) = -3*g**3 - 44*g**2 - 27*g + 15. Determine u(-14).
1
Let c(v) = v**2 + 17*v + 34. Calculate c(-11).
-32
Let t(a) = -a - 1. Determine t(-10).
9
Let g(w) = 2*w**3 -